{"id":41,"date":"2021-11-25T18:59:41","date_gmt":"2021-11-25T17:59:41","guid":{"rendered":"http:\/\/limba.radlin.pl\/limba\/?page_id=41"},"modified":"2023-01-21T20:20:24","modified_gmt":"2023-01-21T19:20:24","slug":"historia-ktg-limba","status":"publish","type":"page","link":"https:\/\/limba.radlin.pl\/limba\/index.php\/historia-ktg-limba\/","title":{"rendered":"Historia"},"content":{"rendered":"\n<h2 class=\"has-text-align-center wp-block-heading\">Komisja Turystyki Kolarskiej<\/h2>\n\n\n\n<p><\/p>\n\n\n\n<p>Grupa zapalonych mi\u0142o\u015bnik\u00f3w kolarzy z Oddzia\u0142u PTTK Wodzis\u0142aw \u015al\u0105ski postanowi\u0142a powo\u0142a\u0107 Komisje Turystyki Kolarskiej. Spotkanie grupy za\u0142o\u017cycielskiej z zarz\u0105dem Oddzia\u0142u PTTK w Wodzis\u0142awiu \u015al\u0105skim odby\u0142o si\u0119 w dniu 23.11.2021r w siedzibie oddzia\u0142u. W tym dniu zosta\u0142a podj\u0119ta uchwa\u0142a o numerze 2\/11\/2021 o powo\u0142aniu Komisji Turystyki Kolarskiej  przy  Oddziele PTTK w Wodzis\u0142awiu \u015al. o nazwie <strong><em>&#8221; Cyklista&#8221;<\/em><\/strong> Pismo z uchwa\u0142\u0105 o powo\u0142anie KTKol. zosta\u0142o przekazane przez prezesa oddzia\u0142u koleg\u0119 Piotra Kowalskiego do Zarz\u0105du G\u0142\u00f3wnego PTTK Komisji Turystyki Kolarskiej na r\u0119ce przewodnicz\u0105cego KTKol. Markowi Koba.  Zarz\u0105d g\u0142\u00f3wny przychylnie ustosunkowa\u0142 si\u0119 do naszej pro\u017cby i w dniu 8.12.2021 roku zatwierdzi\u0142 Komisje Turystyki Kolarskiej przy Oddziele PTTK  w Wodzis\u0142awiu \u015al\u0105skim.  I od tego dnia mamy now\u0105 komisj\u0119 przy Oddziele PTTK Wodzis\u0142awiu \u015al\u0105skim.<\/p>\n\n\n\n<p><\/p>\n\n\n\n<p><\/p>\n\n\n\n<p><\/p>\n","protected":false},"excerpt":{"rendered":"<p>Komisja Turystyki Kolarskiej Grupa zapalonych mi\u0142o\u015bnik\u00f3w kolarzy z Oddzia\u0142u PTTK Wodzis\u0142aw \u015al\u0105ski postanowi\u0142a powo\u0142a\u0107 Komisje Turystyki Kolarskiej. Spotkanie grupy za\u0142o\u017cycielskiej z zarz\u0105dem Oddzia\u0142u PTTK w Wodzis\u0142awiu \u015al\u0105skim odby\u0142o si\u0119 w dniu 23.11.2021r w siedzibie oddzia\u0142u. W tym dniu zosta\u0142a podj\u0119ta<\/p>\n","protected":false},"author":1,"featured_media":0,"parent":0,"menu_order":0,"comment_status":"closed","ping_status":"closed","template":"","meta":{"ngg_post_thumbnail":0,"footnotes":""},"class_list":["post-41","page","type-page","status-publish","hentry"],"aioseo_notices":[],"_links":{"self":[{"href":"https:\/\/limba.radlin.pl\/limba\/index.php\/wp-json\/wp\/v2\/pages\/41","targetHints":{"allow":["GET"]}}],"collection":[{"href":"https:\/\/limba.radlin.pl\/limba\/index.php\/wp-json\/wp\/v2\/pages"}],"about":[{"href":"https:\/\/limba.radlin.pl\/limba\/index.php\/wp-json\/wp\/v2\/types\/page"}],"author":[{"embeddable":true,"href":"https:\/\/limba.radlin.pl\/limba\/index.php\/wp-json\/wp\/v2\/users\/1"}],"replies":[{"embeddable":true,"href":"https:\/\/limba.radlin.pl\/limba\/index.php\/wp-json\/wp\/v2\/comments?post=41"}],"version-history":[{"count":21,"href":"https:\/\/limba.radlin.pl\/limba\/index.php\/wp-json\/wp\/v2\/pages\/41\/revisions"}],"predecessor-version":[{"id":3424,"href":"https:\/\/limba.radlin.pl\/limba\/index.php\/wp-json\/wp\/v2\/pages\/41\/revisions\/3424"}],"wp:attachment":[{"href":"https:\/\/limba.radlin.pl\/limba\/index.php\/wp-json\/wp\/v2\/media?parent=41"}],"curies":[{"name":"wp","href":"https:\/\/api.w.org\/{rel}","templated":true}]}}