{"id":3042,"date":"2021-12-27T21:54:41","date_gmt":"2021-12-27T20:54:41","guid":{"rendered":"http:\/\/limba.radlin.pl\/limba\/?page_id=3042"},"modified":"2024-01-03T16:57:20","modified_gmt":"2024-01-03T15:57:20","slug":"zarzad","status":"publish","type":"page","link":"https:\/\/limba.radlin.pl\/limba\/index.php\/zarzad\/","title":{"rendered":"Zarz\u0105d KTKol."},"content":{"rendered":"\n<p>Grupa za\u0142o\u017cycieli Komisji Turystyki Kolarskiej:<\/p>\n\n\n\n<p><\/p>\n\n\n\n<figure class=\"wp-block-table\"><table><tbody><tr><td class=\"has-text-align-center\" data-align=\"center\">Damian Grobelny<\/td><td class=\"has-text-align-center\" data-align=\"center\">Przewodnicz\u0105cy<\/td><\/tr><tr><td class=\"has-text-align-center\" data-align=\"center\">Piotr Kowalski <\/td><td class=\"has-text-align-center\" data-align=\"center\">Wiceprzewodnicz\u0105cy<\/td><\/tr><tr><td class=\"has-text-align-center\" data-align=\"center\">Roman Patas<\/td><td class=\"has-text-align-center\" data-align=\"center\">Sekretarz<\/td><\/tr><tr><td class=\"has-text-align-center\" data-align=\"center\">Kazimierz Men\u017cyk<\/td><td class=\"has-text-align-center\" data-align=\"center\">Cz\u0142onek<\/td><\/tr><tr><td class=\"has-text-align-center\" data-align=\"center\">Zbigniew Cwo\u0142ek<\/td><td class=\"has-text-align-center\" data-align=\"center\">Cz\u0142onek<\/td><\/tr><\/tbody><\/table><\/figure>\n\n\n\n<p><\/p>\n\n\n\n<p><\/p>\n\n\n\n<p>k<\/p>\n\n\n\n<p><\/p>\n","protected":false},"excerpt":{"rendered":"<p>Grupa za\u0142o\u017cycieli Komisji Turystyki Kolarskiej: Damian Grobelny Przewodnicz\u0105cy Piotr Kowalski Wiceprzewodnicz\u0105cy Roman Patas Sekretarz Kazimierz Men\u017cyk Cz\u0142onek Zbigniew Cwo\u0142ek Cz\u0142onek k<\/p>\n","protected":false},"author":2,"featured_media":0,"parent":0,"menu_order":0,"comment_status":"closed","ping_status":"closed","template":"","meta":{"ngg_post_thumbnail":0,"footnotes":""},"class_list":["post-3042","page","type-page","status-publish","hentry"],"aioseo_notices":[],"_links":{"self":[{"href":"https:\/\/limba.radlin.pl\/limba\/index.php\/wp-json\/wp\/v2\/pages\/3042","targetHints":{"allow":["GET"]}}],"collection":[{"href":"https:\/\/limba.radlin.pl\/limba\/index.php\/wp-json\/wp\/v2\/pages"}],"about":[{"href":"https:\/\/limba.radlin.pl\/limba\/index.php\/wp-json\/wp\/v2\/types\/page"}],"author":[{"embeddable":true,"href":"https:\/\/limba.radlin.pl\/limba\/index.php\/wp-json\/wp\/v2\/users\/2"}],"replies":[{"embeddable":true,"href":"https:\/\/limba.radlin.pl\/limba\/index.php\/wp-json\/wp\/v2\/comments?post=3042"}],"version-history":[{"count":6,"href":"https:\/\/limba.radlin.pl\/limba\/index.php\/wp-json\/wp\/v2\/pages\/3042\/revisions"}],"predecessor-version":[{"id":3519,"href":"https:\/\/limba.radlin.pl\/limba\/index.php\/wp-json\/wp\/v2\/pages\/3042\/revisions\/3519"}],"wp:attachment":[{"href":"https:\/\/limba.radlin.pl\/limba\/index.php\/wp-json\/wp\/v2\/media?parent=3042"}],"curies":[{"name":"wp","href":"https:\/\/api.w.org\/{rel}","templated":true}]}}